- 31*j. Calculate w(v).
-16
Let t(p) = 254 + 267 - 4*p - 778 + p**2 + 272. Calculate t(8).
47
Let b(a) be the first derivative of -2*a**3/3 - 7*a**2/2 - 32. Let p(g) = -g**3 - 6*g**2 + 27 + g**2 - 4*g - 26. Let z be p(-3). Give b(z).
-15
Let h = -26574 + 26576. Let v(z) = 8*z**2 - 11*z + 17. Give v(h).
27
Let k(i) = -i**2 + 23*i - 2. Let j(z) = -z**2 + 46*z - 3. Let w(r) = 4*j(r) - 9*k(r). Give w(5).
16
Let g(i) = -i**3 + 9*i**2 + 6*i + 9. Suppose 5*j - 42 = 3*t, -42*t + 47 = 5*j - 40*t. What is g(j)?
63
Suppose 186*g - 199*g + 4992 = 0. Let i = -361 + g. Let b(o) = -o**2 + 22*o + 28. What is b(i)?
5
Let y be -2*(-20)/(-8) + 7. Suppose -5*x + 3*n = 19, -3*n + 10 = -y*x - n. Let b(z) = -z**3 - 3*z**2 + 2*z + 2. What is b(x)?
-6
Let z(g) = 6*g**3 - g**2 + 2*g + 1. Let r = -456 - -515. Let u(b) = 5*b - 296. Let f be u(r). What is z(f)?
-8
Let b(z) be the third derivative of -4*z**2 - 1/6*z**3 + 1 - 1/12*z**4 + 0*z. Determine b(6).
-13
Suppose 10*b + 2319 = 369. Let k = -207 - b. Let w(o) = o**2 + 12*o + 1. Calculate w(k).
1
Suppose 166*q - 168*q - 2*b + 4 = 0, 3*q + 2*b = 0. Let s(m) = -13*m - 30. What is s(q)?
22
Let k(c) = -4*c**3 - 20 + 3*c**3 + 7*c - 427*c**2 - 4*c - 20 + 442*c**2. Determine k(15).
5
Let q(u) = 3*u**2 - 136*u - 90. Let w be q(46). Let a(s) = -3 - 4 - 2 + 12*s + 11 - s**w. What is a(11)?
13
Suppose -6*u + 14*u = -9*u. Suppose u = 3*a + 95 - 65. Let h(r) = -3*r**2 - 38*r - 8. Let i(o) = o**2 + 13*o + 3. Let v(p) = -4*h(p) - 11*i(p). Determine v(a).
9
Let j(z) be the third derivative of z**5/60 + 23*z**4/12 + 3*z**3/2 - 1098*z**2. Calculate j(-46).
9
Let s(l) = 19*l**2 - l - 25. Let x(y) = y + 5. Let q(z) = s(z) + 4*x(z). Give q(1).
17
Let y(z) = 34*z. Let d be y(0). Let b(h) be the first derivative of -1/2*h**2 + 9 + d*h - 1/2*h**4 + 0*h**3. What is b(-1)?
3
Let j(g) = 6*g + 258. Let r(k) = -11*k - 432. Let x(p) = -5*j(p) - 3*r(p). Calculate x(-6).
-12
Let h(p) = p - 4 + 6*p - p**3 + 2*p + 2 - 6*p**2 + 0*p**3. Calculate h(-7).
-16
Let a = -1216 + 1208. Let m(g) = 5*g + 36. Give m(a).
-4
Let v(j) be the third derivative of -j**5/60 + j**4/12 + 19*j**3/3 + 2*j**2 - 2080. What is v(-9)?
-61
Let r(q) = -4 + 4 - 10 - 18 + 6 + 4*q. Give r(7).
6
Let t(b) be the third derivative of b**5/60 - 7*b**4/24 - 11*b**3/6 - b**2. Suppose 137577*j - 137563*j = 126. What is t(j)?
7
Let y(c) = -c**3 + 2*c**2 - 2*c + 2. Let v be y(0). Let a(z) = -z**3 - 3*z + 42*z**2 - 133*z**2 + 49*z**2 + 47*z**v + 4. Determine a(5).
-11
Let p(r) = 22*r + 158. Let v(q) = 8*q + 52. Let l(u) = 3*p(u) - 8*v(u). Give l(-11).
36
Let t(v) = 24 + 5*v - v**2 + 5602*v**3 + 0*v**2 + 11 - 5603*v**3 + 3*v**2. Determine t(0).
35
Let f = -16 - -24. Let a(j) = -1 + j**2 + f*j + 3 + 0. Suppose -1127*v = -1112*v + 90. Determine a(v).
-10
Let x(u) be the second derivative of u**4/12 + 3*u**3/2 + u. Let v(q) = -q**2 - 2723*q - 59431. Let m be v(-22). Determine x(m).
0
Let v(p) = p + 4. Let m be (-26)/6 + ((-60)/(-18) - 3). Let q(r) = -3*r - 8. Let w(i) = m*v(i) - q(i). Calculate w(-17).
9
Let f(z) = -4 + 9*z - 1472*z**2 - 6*z + 1488*z**2. What is f(2)?
66
Let p(l) be the third derivative of 79*l**4/24 + 157*l**3/2 - 4*l**2 + 779*l. Calculate p(-6).
-3
Let k(z) be the third derivative of -z**5/6 - z**4/8 - z**3/6 + 5*z**2 + 155*z. Calculate k(-2).
-35
Let n(h) = 23*h**3 - 6*h**2 - 3*h - 51. Let k(y) = -10*y**3 + 4*y**2 + 2*y + 24. Let z(g) = -7*k(g) - 3*n(g). What is z(11)?
51
Let h(u) = 5*u**3 - 8*u**2 - 16*u + 2. Let a(y) = -37*y**3 + 55*y**2 + 113*y - 17. Let d(z) = 2*a(z) + 15*h(z). Determine d(11).
-37
Let n(g) = g**2 - 4*g - 6. Suppose 8*d = 2*d + 5 + 25. What is n(d)?
-1
Suppose 4*v - z - 2*z - 20 = 0, 26 = 3*v - 5*z. Let n(x) = 8 - v*x**2 + 2 + 2278*x - 2269*x. Determine n(7).
-25
Suppose 1152*r - 1157*r = -x + 47, x - 25 = 3*r. Let z(f) = f**3 + 9*f**2 - 21*f - 12. Determine z(r).
-23
Let u(s) be the first derivative of -s**3/3 + s**2 - 4*s + 1092. What is u(2)?
-4
Suppose -w = 3*w - 20. Let q(z) = 5885 - 4*z**2 + 3*z - 11764 + 5881 - 6*z + z**3. Determine q(w).
12
Let b(r) = -r**3 + 6*r**2 - 6*r - 1. Let z be (2/(-11) + ((-3774)/44)/(-51))*2. What is b(z)?
8
Let i(d) be the second derivative of d**5/5 - d**3/6 + 69*d**2 - d - 21. Let w(n) be the first derivative of i(n). Suppose -f + 0 = 1. Determine w(f).
11
Let i = -306 + 308. Let t(v) = -i*v + v - 10*v**2 - 3 + v**2 - v**3 - 3 + 0*v. What is t(-9)?
3
Let f(a) = 0 + 135*a**3 + 1 - 264*a**3 + 127*a**3 - 15*a**2 - 9 - 16*a. Give f(-6).
-20
Suppose -2*q = -3*q. Suppose 6*i + q*i = 42. Let y(r) = 2 + 3*r - i*r + 5*r - 3. What is y(3)?
2
Let a(w) = -6*w + 27 + 42*w - 24*w - 99. Calculate a(5).
-12
Let c(m) = 13*m + 20. Let f(z) = 123*z + 183. Let o(u) = 19*c(u) - 2*f(u). Let x = -26 - -18. Calculate o(x).
6
Let s(g) = -g**2 + 6*g + 40. Let d = -10019 - -10015. What is s(d)?
0
Let y(v) = -2*v + 1. Let x(t) = 6*t - 78. Let p be x(17). Suppose -5*j - 1 = -d, -4*j - 2*d - 3*d - p = 0. Calculate y(j).
3
Let o(l) = -2*l**2 - 43*l + 61. Let i(n) = n**2 + 21*n - 26. Let h(r) = -5*i(r) - 2*o(r). What is h(-19)?
8
Let f(c) = 2*c**3 + 8*c**2 + 6*c + 5. Let m(k) = 3*k**3 + 12*k**2 + 9*k + 7. Let h(r) = -8*f(r) + 5*m(r). Let p be 1 - -1 - (65 + 14 + -73). Calculate h(p).
7
Let z(j) = -55*j + 10*j**2 + 15*j - 5*j - 9 - 7*j**2. Give z(15).
-9
Let d(z) = 15*z**3 - 23*z**3 + 3*z**2 + 0*z + 3*z**2 + 9*z**3 + 2 + z. Let a = -5 - -7. Suppose -a*c - 8 - 4 = 0. Determine d(c).
-4
Let d(x) be the second derivative of -x**5/20 + 7*x**4/12 - 2*x**3/3 - 5*x**2 - 2*x + 335. Calculate d(5).
20
Let m = -51 - -61. Suppose g = -5*y + m, y + 6*g = g + 26. Let x(u) = -4*u - 1. Let w(k) = -7*k - 3. Let o(c) = 2*w(c) - 5*x(c). Calculate o(y).
5
Let x(m) be the first derivative of -m**5/60 - m**4/6 + m**3/3 + 81*m**2/2 - 81. Let j(n) be the second derivative of x(n). Determine j(-5).
-3
Let x be 7 + ((-2)/(-2))/(14/(-238)). Let h(t) = 8*t + 83. Calculate h(x).
3
Let s = -46 - -65. Suppose -2*l + s = 5*n, n + 3*n - 12 = 0. Let q(p) = 9*p - 9*p - p**2 + 7 + l*p. Calculate q(6).
-17
Let j(o) be the second derivative of -o**4/12 + 4*o**3/3 + o**2/2 - 18*o + 29. Suppose 5*i - 3*i + 26 = 0. Let t = 21 + i. Determine j(t).
1
Let x be 1*7/(-28)*-12. Let y(p) = -3394*p**3 + p + 0*p + 3395*p**x + p**2 + 3. Calculate y(3).
42
Let u(o) be the first derivative of 9*o**2/2 + 103*o + 5944. Determine u(-12).
-5
Suppose -w - 2*u + 19 = 0, 5*w - 9*w + 4*u = -28. Let k(c) = 56*c - 33*c + w - 26*c. Determine k(9).
-16
Let c = -186057 - -186074. Let a(j) = -6*j - 11*j + j**3 + 11 - j - 16*j**2. What is a(c)?
-6
Suppose c - 83 = -2*w, -5*w - 58 - 4 = -c. Let o(j) = -3 - 80*j + 5 + c*j - 7. Calculate o(5).
-20
Let c(z) = 6*z**2 + 64*z - 23. Let q = -11851 - -11840. Determine c(q).
-1
Suppose -4*o - 6 = -38. Let p = -23 - -58. Let v(y) = -72*y**3 + p*y**3 + 36*y**3 + 7*y**2 + 7*y. Determine v(o).
-8
Let u(w) = -5990*w**2 - 5991*w**2 - 6*w - 11*w + 11982*w**2 + 43. Give u(13).
-9
Let u(o) = 2*o**2 - 4*o + 7. Let s be 15/(630/12) + 30/(-105). What is u(s)?
7
Let o(m) = -m**3 + 3*m**2 - m - 9. Let c = 3878 + -3875. Determine o(c).
-12
Suppose 211 = 11*k + 46. Let p(h) = 7*h - 85. Determine p(k).
20
Let q(i) = i**2 - 4*i - 9. Let m = 5279 + -5281. What is q(m)?
3
Let x(s) = s**2 + 7*s - 2. Let v(b) be the third derivative of b**6/15 - 7*b**4/24 - 7*b**3/6 + 155*b**2. Let h be v(-1). What is x(h)?
6
Let c = -8505 - -8510. Let b(w) = -w - 13. Give b(c).
-18
Let r(n) = -34*n - 178. Let i be 8 + (-12 + (-490)/(-56))/(2/8). Determine r(i).
-8
Suppose 9*h - 130 = -157. Let f be 52/13*h/2. Let l(p) = -p. Determine l(f).
6
Suppose -4*o - 5 + 85 = 0. Let c = o + -16. Suppose -c*s - 18 = 2*s. Let p(a) = -a**3 - 3*a**2 + 1. Calculate p(s).
1
Suppose -6*p + 12*p + 336 = 0. Let z = p + 57. Let g(l) = -l**3 + 15*l**3 + 5*l - z - l**3 - 4*l. Determine g(1).
13
Let f be (-10 - -10)*36/180. Let w(h) = 4*h**2 + 3*h + 20. Let r(s) = s**2 + s + 7. Let n(z) = -7*r(z) + 2*w(z). Give n(f).
-9
Let w(c) = 19*c + 93*c - 12 + 2*c**2 - 123*c. Calculate w(9).
51
Suppose -9*o + 132 = 96. Let h be (-1 - o) + (0 + 12 - 14). Let s(p) = p**3 + 8*p**2 + 3*p - 8. Give s(h).
20
Suppose 4*w + 1 = -v, -2*v + 12 = -0*w + w. Suppose v*r + 1 = 6*r. Let p be 1 - (0 + -3) - r. Let s(d) = d**2 - 4*d + 4. Calculate s(p).
9
Suppos